
Let s(f) = -6*f - 8. Determine s(-2).
4
Let r(y) = y**2 - 9*y - 9. What is r(13)?
43
Let c(u) = -u**2 + 10*u - 20. Calculate c(9).
-11
Let w(u) = 4*u**2 - 12*u - 6. Calculate w(6).
66
Let q(o) = -4*o + 103. Give q(23).
11
Let u(f) = -f**3 + 7*f**2 + 8*f - 14. Give u(8).
-14
Let f(d) = 5*d**2 + 3*d + 1. Give f(-2).
15
Let w(h) = h**2 + 19*h + 8. What is w(-15)?
-52
Let y(o) = -o**2 + 6*o - 6. Determine y(3).
3
Let d(r) = 21*r + 5. What is d(3)?
68
Let j(y) = 2*y**2 + y + 6. Give j(-3).
21
Let b(c) = -2*c**3 - 2*c**2 - 4*c - 3. Give b(-2).
13
Let n(k) = -4*k**2 + 38*k + 33. Calculate n(10).
13
Let f(i) = 7*i + 2. What is f(-4)?
-26
Let m(c) = -c**2 + 12*c - 24. What is m(11)?
-13
Let l(g) = 6*g + 132. Calculate l(-22).
0
Let r(m) = -102*m - 397. Calculate r(-4).
11
Let c(s) = -2*s**2 + 18*s - 13. Calculate c(7).
15
Let v(x) = x**2 - 14*x + 61. Determine v(6).
13
Let h(v) = -v**2 + 30*v - 31. Determine h(29).
-2
Let t(z) = -8*z - 8. Determine t(-2).
8
Let m(f) = -f - 15. Determine m(-6).
-9
Let h(j) = 2*j - 11. Calculate h(-2).
-15
Let f(b) = -b**2 - 17*b - 20. Calculate f(-9).
52
Let j(u) = -5*u + 43. What is j(9)?
-2
Let o(g) = -2*g**3 - 2*g**2 + 3*g - 3. What is o(1)?
-4
Let l(n) = 2*n**2 + 29*n + 21. Determine l(-14).
7
Let c(f) = 2*f + 28. Determine c(-10).
8
Let q(v) = -3*v**2 - 6*v. Calculate q(-4).
-24
Let f(w) = w**2 + 6*w - 83. Determine f(0).
-83
Let h(p) = -p**2 + 14*p - 6. Calculate h(14).
-6
Let a(h) = -h**2 - 6*h - 2. Determine a(-5).
3
Let r(p) = -4*p - 46. What is r(-5)?
-26
Let i(s) = -s - 7. Calculate i(4).
-11
Let d(z) = -z**3 + 11*z**2 - 19*z + 1. Calculate d(9).
-8
Let h(f) = f**3 - 12*f**2 - 11*f + 16. What is h(13)?
42
Let t(b) = 48*b + 797. What is t(-17)?
-19
Let d(c) = -c**3 - 15*c**2 + 36*c + 44. Calculate d(-17).
10
Let x(d) = -d**3 - 35*d**2 + 36*d + 1. Calculate x(-36).
1
Let o(p) = -p**2 + 7*p - 1. What is o(5)?
9
Let s(z) = -8*z - 2. Calculate s(-1).
6
Let r(z) = 3*z**2 + 4*z - 5. Give r(0).
-5
Let a(x) = x**3 + 4*x**2 + 4. Give a(-3).
13
Let s(c) = c - 4. Calculate s(-7).
-11
Let u(k) = 12*k - 9. Calculate u(1).
3
Let k(v) = -v**2 + 10*v - 11. Give k(8).
5
Let l(h) = 6*h + 75. What is l(-13)?
-3
Let n(w) = w**2 - 12*w - 11. Determine n(9).
-38
Let h(v) = 6*v + 112. What is h(-25)?
-38
Let w(v) = -3*v - 13. Give w(9).
-40
Let h(j) = 4*j + 63. Give h(-17).
-5
Let a(y) = -y**3 + 8*y**2 - 8*y + 4. Calculate a(7).
-3
Let l(u) = u - 20. What is l(15)?
-5
Let j(d) = -3*d**2 + 2*d + 5. Calculate j(3).
-16
Let q(k) = k**2 + 5*k + 6. Determine q(8).
110
Let v(l) = 7*l**3. Calculate v(-1).
-7
Let z(l) = -l**2 + 4*l - 6. Determine z(2).
-2
Let u(t) = t**3 + 3*t + 5. Determine u(0).
5
Let x(u) = u**3 - 16*u**2 + 14*u + 13. Calculate x(15).
-2
Let l(c) = c**2 - 30*c + 87. Calculate l(27).
6
Let t(i) = -i**2 - 8*i + 13. Determine t(-10).
-7
Let q(g) = -g**2 + 7*g + 9. Calculate q(11).
-35
Let c(m) = 6*m**2 + 25*m. What is c(-4)?
-4
Let v(i) = -3*i + 17. Give v(-5).
32
Let u(r) = -r**3 + 14*r**2 + 22*r - 42. Determine u(15).
63
Let r(c) = c**3 - 8*c**2 - 10*c - 3. Calculate r(9).
-12
Let f(t) = -t**3 + 13*t**2 - 9*t + 32. Calculate f(10).
242
Let z(q) = q**3 + 8*q**2 + 5*q + 47. Determine z(-8).
7
Let v(s) = 42*s + 132. Determine v(-3).
6
Let w(m) = -m**2 - 18*m + 3. What is w(-19)?
-16
Let b(q) = q**3 + 2*q**2 - 72*q - 221. Give b(-3).
-14
Let r(m) = 16*m + 3. Give r(-3).
-45
Let s(d) = -8*d - 39. Calculate s(-3).
-15
Let t(h) = 5*h**3 + h**2 + 2*h + 1. What is t(2)?
49
Let b(i) = i**3 + 8*i**2 + 4*i + 7. Give b(-8).
-25
Let l(w) = -5*w**2 - 15*w + 1. Calculate l(-3).
1
Let l(a) = -2*a**2 + 13*a - 10. Give l(6).
-4
Let h(z) = 7*z - 93. Give h(11).
-16
Let l(y) = -y - 2. Calculate l(-11).
9
Let w(i) = -i**3 - 7*i**2 + 9*i + 8. Calculate w(-8).
0
Let j(g) = -g**3 + 8*g**2 - 4*g - 16. Give j(7).
5
Let j(w) = 3*w**2 + 5*w - 1. Give j(-3).
11
Let l(b) = 5*b**2 - 5*b. Give l(4).
60
Let f(b) = -b**2 + 7*b - 3. Determine f(7).
-3
Let x(s) = 5*s - 34. Calculate x(6).
-4
Let x(z) = 14*z - 46. Determine x(10).
94
Let k(n) = -22*n + 968. What is k(44)?
0
Let k(f) = f**3 - 9*f**2 + 23*f + 6. Give k(4).
18
Let o(s) = 3*s - 134. Give o(30).
-44
Let a(b) = b**3 - 34*b**2 + 64*b - 1. Give a(32).
-1
Let n(v) = 3*v**2 + 20*v + 2. What is n(-7)?
9
Let a(g) = 2*g - 19. What is a(9)?
-1
Let s(t) = -3*t**3 - t**2 + 4*t + 5. Give s(-2).
17
Let g(s) = s**3 - 13*s**2 + 21*s + 7. Give g(11).
-4
Let x(y) = y**3 - 9*y**2 - 52*y - 5. Determine x(13).
-5
Let n(z) = z**3 - 2*z**2 - 4*z - 2. What is n(5)?
53
Let s(c) = 31*c - 36. Calculate s(1).
-5
Let f(w) = 3*w + 12. Determine f(-13).
-27
Let t(u) = u + 16. What is t(-10)?
6
Let v(m) = -2*m - 10. Determine v(0).
-10
Let c(d) = -d**3 + 7*d**2 - 11*d + 20. Give c(6).
-10
Let y(v) = -2*v**3 - 2*v**2 - v - 2. What is y(-2)?
8
Let n(r) = -r**3 - 2*r**2 + 2*r. Determine n(-3).
3
Let b(j) = -j**3 - 27*j**2 - 3*j - 75. Give b(-27).
6
Let k(y) = y + 6. Calculate k(-11).
-5
Let c(q) = 9*q**2 - 3. Calculate c(-2).
33
Let j(f) = -f**2 - 52*f + 346. Calculate j(6).
-2
Let w(r) = -r**3 - 7*r**2 - 1. Calculate w(-7).
-1
Let h(v) = -v**3 + 11*v**2 + 17*v - 52. Calculate h(12).
8
Let i(x) = x**2 - 28*x + 51. What is i(25)?
-24
Let x(q) = q**2 - 12*q + 16. Determine x(7).
-19
Let v(b) = b**3 - 22*b**2 - 23*b + 8. What is v(23)?
8
Let i(r) = -r**3 + 15*r**2 + 17*r - 27. Determine i(16).
-11
Let j(r) = r**3 + 8*r**2 + 11*r - 4. What is j(-6)?
2
Let d(m) = m**3 - 9*m**2 + 7*m - 5. What is d(9)?
58
Let x(d) = -d**2 + 22*d - 13. Calculate x(13).
104
Let i(j) = -2*j - 22. Calculate i(3).
-28
Let n(k) = k**3 + 10*k**2 + 15*k - 9. Give n(-8).
-1
Let a(o) = 7*o**2 - 168*o - 169. Give a(-1).
6
Let q(g) = g**3 - 9*g**2 - g - 5. Calculate q(9).
-14
Let q(g) = -g**2 + 8*g + 14. What is q(9)?
5
Let k(t) = -21*t - 195. Give k(-10).
15
Let v(o) = 11*o + 4. Determine v(-2).
-18
Let c(s) = -81*s**3 - s**2 + 2*s - 2. Give c(1).
-82
Let a(n) = 4*n**2 + 8*n - 9. Determine a(-5).
51
Let o(h) = -h**3 + 11*h**2 + h - 2. Give o(11).
9
Let r(k) = 7*k - 8. Determine r(6).
34
Let x(w) = -3*w**2 + 27*w - 58. Give x(5).
2
Let a(c) = -2*c**2 - 58*c + 119. Give a(-31).
-5
Let x(w) = w**2 - 4*w - 44. Determine x(8).
-12
Let r(j) = -4*j - 3. Calculate r(-5).
17
Let c(b) = -19*b - 26. What is c(-1)?
-7
Let x(a) = a**3 - 5*a**2 + 6*a - 2. What is x(4)?
6
Let l(i) = -4*i + 85. Calculate l(20).
5
Let r(p) = -p**3 + 8*p**2 - 7*p + 5. Calculate r(7).
5
Let j(v) = -v**3 - 35*v**2 - 34*v - 5. Calculate j(-34).
-5
Let i(u) = -u**3 - 17*u**2 + 21*u + 48. Calculate i(-18).
-6
Let y(c) = c**2 + 23*c - 10. What is y(-23)?
-10
Let d(k) = 2*k**2 + k - 3. What is d(3)?
18
Let v(y) = y**3 + 23*y**2 - 25*y - 37. Calculate v(-24).
-13
Let p(c) = 17*c + 17. Calculate p(-7).
-102
Let f(k) = 3*k - 26. Calculate f(7).
-5
Let j(d) = 13*d + 165. Give j(-13).
-4
Let s(m) = -37*m - 147. Give s(-4).
1
Let p(w) = 6*w - 9. Calculate p(-7).
-51
Let u(f) = f**3 - f + 4. Calculate u(2).
10
Let g(j) = 2*j**3 + 9*j**2 - 28*j - 136. Determine g(-4).
-8
Let i(b) = b**2 + 5. Determine i(11).
126
Let m(j) = -2*j - 13. Determine m(-5).
-3
Let x(p) = 2*p**2 - p - 8. Determine x(0).
-8
Let p(j) = 5*j + 10. Calculate p(-8).
-30
Let k(j) = -19*j + 73. Give k(4).
-3
Let d(u) = -5*u + 7. Calculate d(1).
2
Let y(h) = -8*h + 15. What is y(7)?
-41
Let v(c) = c**2 - c + 7. Determine v(0).
7
Let n(s) = -17*s + 363. Give n(21).
6
Let u(j) = j**3 - 35*j**2 + 285*j + 25. Determine u(22).
3
Let u(a) = -6*a - 20. What is u(-4)?
4
Let w(z) = -z**2 - 8*z + 33. Determine w(-10).
13
Let p(l) = l - 27. Determine p(17).
-10
Let r(o) = 2*o + 3. What is r(-12)?
-21
Let f(z) = -z**2 - 33*z + 38. What is f(-34)?
4
Let u(i) = 4*i**2 - 8*i + 4. What is u(1)?
0
Let k(t) = 26*t - 11. Calculate k(-5).
-141
Let q(j) = 3*j**3 - 2*j**2 + j + 2. Determine q(-1).
-4
Let v(t) = -t**2 + 4*t + 3. Calculate v(6).
-9
Let c(g) = -g**2 - g + 41. What is c(6)?
-1
Let c(g) = -g**3 - 7*g**2 - g - 10. Give c(-7).
-3
Let v(j) = j**3 - 6*j**2 - 3*j + 9. Determine v(5).
-31
Let h(d) = -d**3 + 5*d**2 + 18*d - 4. Give h(7).
24
Let l(a) = -a**2 + 8*a + 20. Determine l(-5).
-45
Let u(m) = m**2 + 11*m - 8. Determine u(-12).
4
Let l(u) = -39*u. Calculate l(2).
-78
Let b(f) = 3*f + 27. What is b(-9)?
0
Let f(a) = a**2 - a - 4. Give f(4).
8
Let a(q)